t are the prime factors of 53338?
2, 26669
What are the prime factors of 16062?
2, 3, 2677
List the prime factors of 637977.
3, 109, 1951
What are the prime factors of 109765?
5, 29, 757
List the prime factors of 111279.
3, 7, 757
List the prime factors of 86400.
2, 3, 5
What are the prime factors of 140258?
2, 19, 3691
List the prime factors of 7773305.
5, 29, 53609
List the prime factors of 403245.
3, 5, 29, 103
What are the prime factors of 2707398?
2, 3, 181, 277
List the prime factors of 909928.
2, 107, 1063
List the prime factors of 6434348.
2, 43, 37409
What are the prime factors of 2177917?
7, 241, 1291
What are the prime factors of 2189779?
691, 3169
List the prime factors of 32769180.
2, 3, 5, 307, 593
List the prime factors of 736428.
2, 3, 7, 11, 797
What are the prime factors of 1955013?
3, 73, 79, 113
List the prime factors of 7723895.
5, 1009, 1531
What are the prime factors of 156131?
156131
What are the prime factors of 7621325?
5, 59, 5167
What are the prime factors of 195446?
2, 79, 1237
List the prime factors of 716665.
5, 143333
List the prime factors of 1920053.
71, 27043
What are the prime factors of 1989735?
3, 5, 11, 31, 389
What are the prime factors of 851534?
2, 541, 787
What are the prime factors of 284596?
2, 13, 421
What are the prime factors of 911620?
2, 5, 19, 2399
What are the prime factors of 92816?
2, 5801
List the prime factors of 3575671.
11, 29, 1019
What are the prime factors of 138537?
3, 7, 733
List the prime factors of 29257294.
2, 11, 277, 4801
What are the prime factors of 35398304?
2, 1106197
What are the prime factors of 121704?
2, 3, 11, 461
List the prime factors of 1228136.
2, 7, 13, 241
List the prime factors of 1011315.
3, 5, 67421
List the prime factors of 473910.
2, 3, 5, 15797
List the prime factors of 217313.
217313
List the prime factors of 739122.
2, 3, 47, 2621
What are the prime factors of 99353?
73, 1361
What are the prime factors of 423789?
3, 141263
List the prime factors of 1894406.
2, 947203
List the prime factors of 90996.
2, 3, 7583
List the prime factors of 18643.
103, 181
List the prime factors of 11966066.
2, 7, 67, 12757
List the prime factors of 23471918.
2, 11735959
What are the prime factors of 996410?
2, 5, 37, 2693
List the prime factors of 4835767.
4835767
List the prime factors of 273185.
5, 11, 4967
What are the prime factors of 2805086?
2, 1402543
What are the prime factors of 4444495?
5, 11, 80809
What are the prime factors of 231802?
2, 115901
What are the prime factors of 3001858?
2, 1500929
List the prime factors of 1181386.
2, 89, 6637
List the prime factors of 675517.
463, 1459
What are the prime factors of 515700?
2, 3, 5, 191
What are the prime factors of 60739?
7, 8677
List the prime factors of 36265960.
2, 5, 906649
What are the prime factors of 327103?
7, 83, 563
What are the prime factors of 486971?
486971
List the prime factors of 539344.
2, 13, 2593
List the prime factors of 124105.
5, 24821
List the prime factors of 559633.
559633
List the prime factors of 17239343.
11, 17, 92189
List the prime factors of 19792318.
2, 7, 13, 17, 6397
What are the prime factors of 324235?
5, 19, 3413
List the prime factors of 3592077.
3, 1197359
What are the prime factors of 2687000?
2, 5, 2687
What are the prime factors of 1337762?
2, 313, 2137
What are the prime factors of 130237?
17, 47, 163
List the prime factors of 487723.
31, 15733
List the prime factors of 81334.
2, 11, 3697
List the prime factors of 192696.
2, 3, 7, 31, 37
What are the prime factors of 54434?
2, 17, 1601
What are the prime factors of 308070?
2, 3, 5, 7, 163
List the prime factors of 2848338.
2, 3, 52747
What are the prime factors of 6647712?
2, 3, 69247
List the prime factors of 404459.
11, 83, 443
What are the prime factors of 55803?
3, 11, 19, 89
What are the prime factors of 6262364?
2, 1565591
List the prime factors of 5413518.
2, 3, 11, 19, 1439
List the prime factors of 262455.
3, 5, 17497
What are the prime factors of 257911?
349, 739
List the prime factors of 225852.
2, 3, 11, 29, 59
List the prime factors of 1417220.
2, 5, 7, 53, 191
List the prime factors of 608713.
7, 86959
What are the prime factors of 1868298?
2, 3, 101, 3083
What are the prime factors of 589148?
2, 7, 53, 397
List the prime factors of 3911307.
3, 37, 167, 211
List the prime factors of 4040170.
2, 5, 404017
List the prime factors of 684130.
2, 5, 37, 43
What are the prime factors of 492651?
3, 19, 43, 67
List the prime factors of 270.
2, 3, 5
List the prime factors of 532444.
2, 11, 12101
What are the prime factors of 5528297?
19, 290963
What are the prime factors of 4000915?
5, 293, 2731
What are the prime factors of 153562?
2, 76781
List the prime factors of 10476299.
10476299
What are the prime factors of 97699?
7, 17, 821
What are the prime factors of 294873?
3, 227, 433
What are the prime factors of 166849?
166849
What are the prime factors of 4324605?
3, 5, 288307
List the prime factors of 14755745.
5, 17, 67, 2591
What are the prime factors of 4577856?
2, 3, 113, 211
List the prime factors of 250640.
2, 5, 13, 241
What are the prime factors of 300846?
2, 3, 7, 13, 19, 29
List the prime factors of 757276.
2, 13, 14563
List the prime factors of 113294.
2, 37, 1531
List the prime factors of 13000558.
2, 6500279
List the prime factors of 159879.
3, 137, 389
List the prime factors of 274887.
3, 10181
What are the prime factors of 27414?
2, 3, 1523
List the prime factors of 2368230.
2, 3, 5, 78941
List the prime factors of 1304706.
2, 3, 13, 43, 389
What are the prime factors of 15771720?
2, 3, 5, 131431
List the prime factors of 172297.
172297
List the prime factors of 3517914.
2, 3, 586319
List the prime factors of 126185.
5, 25237
What are the prime factors of 72614?
2, 36307
What are the prime factors of 1682711?
17, 31, 103
What are the prime factors of 488626?
2, 244313
What are the prime factors of 11786275?
5, 471451
List the prime factors of 178679.
197, 907
What are the prime factors of 1328873?
7, 13, 17, 859
What are the prime factors of 1636249?
1636249
List the prime factors of 3506680.
2, 5, 29, 3023
What are the prime factors of 9116079?
3, 7, 107, 4057
List the prime factors of 137956.
2, 7, 13, 379
What are the prime factors of 425712?
2, 3, 7, 181
What are the prime factors of 4525454?
2, 2262727
List the prime factors of 207921.
3, 7, 9901
List the prime factors of 33438973.
127, 251, 1049
List the prime factors of 64676.
2, 19, 23, 37
What are the prime factors of 1404109?
7, 200587
What are the prime factors of 214187?
19, 11273
List the prime factors of 11388119.
37, 41, 7507
List the prime factors of 690001.
13, 53077
What are the prime factors of 1463730?
2, 3, 5, 97, 503
List the prime factors of 728733.
3, 242911
List the prime factors of 4493110.
2, 5, 449311
What are the prime factors of 159256?
2, 17, 1171
List the prime factors of 1356450.
2, 3, 5, 9043
What are the prime factors of 6181334?
2, 619, 4993
What are the prime factors of 627941?
113, 5557
What are the prime factors of 151337?
151337
What are the prime factors of 1475373?
3, 43, 11437
What are the prime factors of 122812?
2, 30703
List the prime factors of 189696.
2, 3, 13, 19
List the prime factors of 1098601.
7, 156943
What are the prime factors of 1806611?
53, 89, 383
List the prime factors of 1049022.
2, 3, 13, 4483
List the prime factors of 370978.
2, 251, 739
What are the prime factors of 25036562?
2, 349, 35869
List the prime factors of 22634178.
2, 3, 7, 167, 461
What are the prime factors of 1332650?
2, 5, 11, 2423
List the prime factors of 375966.
2, 3, 20887
List the prime factors of 5670406.
2, 7, 405029
What are the prime factors of 953772?
2, 3, 79481
What are the prime factors of 293846?
2, 7, 139, 151
What are the prime factors of 12136074?
2, 3, 37, 54667
What are the prime factors of 7209022?
2, 3604511
List the prime factors of 158781.
3, 7, 7561
What are the prime factors of 204593?
109, 1877
What are the prime factors of 396570?
2, 3, 5, 13219
List the prime factors of 76386.
2, 3, 29, 439
List the prime factors of 10882863.
3, 107, 3767
List the prime factors of 3538601.
11, 17, 127, 149
List the prime factors of 7640432.
2, 19, 41, 613
List the prime factors of 7417170.
2, 3, 5, 9157
What are